{"id":151,"date":"2025-01-29T10:53:54","date_gmt":"2025-01-29T10:53:54","guid":{"rendered":"https:\/\/hernandezdetejada10b.com\/?page_id=151"},"modified":"2025-03-19T18:33:35","modified_gmt":"2025-03-19T18:33:35","slug":"viviendas","status":"publish","type":"page","link":"https:\/\/hernandezdetejada10b.com\/index.php\/viviendas\/","title":{"rendered":"Viviendas"},"content":{"rendered":"\t\t<div data-elementor-type=\"wp-page\" data-elementor-id=\"151\" class=\"elementor elementor-151\" data-elementor-post-type=\"page\">\n\t\t\t\t<div class=\"elementor-element elementor-element-ec2226f e-con-full e-flex e-con e-parent\" data-id=\"ec2226f\" data-element_type=\"container\">\n\t\t<div class=\"elementor-element elementor-element-a3bfc47 e-con-full e-flex e-con e-child\" data-id=\"a3bfc47\" data-element_type=\"container\">\n\t\t\t\t<div class=\"elementor-element elementor-element-3344f35 elementor-widget__width-initial elementor-widget elementor-widget-heading\" data-id=\"3344f35\" data-element_type=\"widget\" data-widget_type=\"heading.default\">\n\t\t\t\t<div class=\"elementor-widget-container\">\n\t\t\t\t\t<h2 class=\"elementor-heading-title elementor-size-default\">Tipolog\u00edas \nde viviendas<\/h2>\t\t\t\t<\/div>\n\t\t\t\t<\/div>\n\t\t<div class=\"elementor-element elementor-element-ca279b1 e-con-full e-flex e-con e-child\" data-id=\"ca279b1\" data-element_type=\"container\">\n\t\t<div class=\"elementor-element elementor-element-449786c e-con-full e-flex e-con e-child\" data-id=\"449786c\" data-element_type=\"container\">\n\t\t\t\t<div class=\"elementor-element elementor-element-08987c5 elementor-widget elementor-widget-image\" data-id=\"08987c5\" data-element_type=\"widget\" data-widget_type=\"image.default\">\n\t\t\t\t<div class=\"elementor-widget-container\">\n\t\t\t\t\t\t\t\t\t\t\t\t\t\t\t<img decoding=\"async\" width=\"156\" height=\"156\" src=\"https:\/\/hernandezdetejada10b.com\/wp-content\/uploads\/2025\/01\/11.png\" class=\"attachment-full size-full wp-image-141\" alt=\"\" srcset=\"https:\/\/hernandezdetejada10b.com\/wp-content\/uploads\/2025\/01\/11.png 156w, https:\/\/hernandezdetejada10b.com\/wp-content\/uploads\/2025\/01\/11-150x150.png 150w\" sizes=\"(max-width: 156px) 100vw, 156px\" \/>\t\t\t\t\t\t\t\t\t\t\t\t\t\t\t<\/div>\n\t\t\t\t<\/div>\n\t\t\t\t<div class=\"elementor-element elementor-element-2b4c0fb elementor-widget elementor-widget-counter\" data-id=\"2b4c0fb\" data-element_type=\"widget\" data-widget_type=\"counter.default\">\n\t\t\t\t<div class=\"elementor-widget-container\">\n\t\t\t\t\t\t\t<div class=\"elementor-counter\">\n\t\t\t<div class=\"elementor-counter-title\">bajos con jard\u00edn <br>de 2 dormitorios <\/div>\t\t\t<div class=\"elementor-counter-number-wrapper\">\n\t\t\t\t<span class=\"elementor-counter-number-prefix\"><\/span>\n\t\t\t\t<span class=\"elementor-counter-number\" data-duration=\"2000\" data-to-value=\"2\" data-from-value=\"100\" data-delimiter=\",\">100<\/span>\n\t\t\t\t<span class=\"elementor-counter-number-suffix\"><\/span>\n\t\t\t<\/div>\n\t\t<\/div>\n\t\t\t\t\t\t<\/div>\n\t\t\t\t<\/div>\n\t\t\t\t<\/div>\n\t\t<div class=\"elementor-element elementor-element-53fb243 e-con-full e-flex e-con e-child\" data-id=\"53fb243\" data-element_type=\"container\">\n\t\t\t\t<div class=\"elementor-element elementor-element-7254e65 elementor-widget elementor-widget-image\" data-id=\"7254e65\" data-element_type=\"widget\" data-widget_type=\"image.default\">\n\t\t\t\t<div class=\"elementor-widget-container\">\n\t\t\t\t\t\t\t\t\t\t\t\t\t\t\t<img decoding=\"async\" width=\"156\" height=\"156\" src=\"https:\/\/hernandezdetejada10b.com\/wp-content\/uploads\/2025\/01\/22.png\" class=\"attachment-full size-full wp-image-142\" alt=\"\" srcset=\"https:\/\/hernandezdetejada10b.com\/wp-content\/uploads\/2025\/01\/22.png 156w, https:\/\/hernandezdetejada10b.com\/wp-content\/uploads\/2025\/01\/22-150x150.png 150w\" sizes=\"(max-width: 156px) 100vw, 156px\" \/>\t\t\t\t\t\t\t\t\t\t\t\t\t\t\t<\/div>\n\t\t\t\t<\/div>\n\t\t\t\t<div class=\"elementor-element elementor-element-fc27d04 elementor-widget elementor-widget-counter\" data-id=\"fc27d04\" data-element_type=\"widget\" data-widget_type=\"counter.default\">\n\t\t\t\t<div class=\"elementor-widget-container\">\n\t\t\t\t\t\t\t<div class=\"elementor-counter\">\n\t\t\t<div class=\"elementor-counter-title\"> viviendas de 2 dormitorios  <br>en Planta 1 y Planta 3<\/div>\t\t\t<div class=\"elementor-counter-number-wrapper\">\n\t\t\t\t<span class=\"elementor-counter-number-prefix\"><\/span>\n\t\t\t\t<span class=\"elementor-counter-number\" data-duration=\"2000\" data-to-value=\"6\" data-from-value=\"100\" data-delimiter=\",\">100<\/span>\n\t\t\t\t<span class=\"elementor-counter-number-suffix\"><\/span>\n\t\t\t<\/div>\n\t\t<\/div>\n\t\t\t\t\t\t<\/div>\n\t\t\t\t<\/div>\n\t\t\t\t<\/div>\n\t\t\t\t<\/div>\n\t\t<div class=\"elementor-element elementor-element-6396471 e-con-full e-flex e-con e-child\" data-id=\"6396471\" data-element_type=\"container\">\n\t\t<div class=\"elementor-element elementor-element-890b957 e-con-full e-flex e-con e-child\" data-id=\"890b957\" data-element_type=\"container\">\n\t\t\t\t<div class=\"elementor-element elementor-element-9342a07 elementor-widget elementor-widget-image\" data-id=\"9342a07\" data-element_type=\"widget\" data-widget_type=\"image.default\">\n\t\t\t\t<div class=\"elementor-widget-container\">\n\t\t\t\t\t\t\t\t\t\t\t\t\t\t\t<img decoding=\"async\" width=\"156\" height=\"156\" src=\"https:\/\/hernandezdetejada10b.com\/wp-content\/uploads\/2025\/01\/33.png\" class=\"attachment-full size-full wp-image-143\" alt=\"\" srcset=\"https:\/\/hernandezdetejada10b.com\/wp-content\/uploads\/2025\/01\/33.png 156w, https:\/\/hernandezdetejada10b.com\/wp-content\/uploads\/2025\/01\/33-150x150.png 150w\" sizes=\"(max-width: 156px) 100vw, 156px\" \/>\t\t\t\t\t\t\t\t\t\t\t\t\t\t\t<\/div>\n\t\t\t\t<\/div>\n\t\t\t\t<div class=\"elementor-element elementor-element-480d5e1 elementor-widget elementor-widget-counter\" data-id=\"480d5e1\" data-element_type=\"widget\" data-widget_type=\"counter.default\">\n\t\t\t\t<div class=\"elementor-widget-container\">\n\t\t\t\t\t\t\t<div class=\"elementor-counter\">\n\t\t\t<div class=\"elementor-counter-title\">viviendas con terraza <br> de 3 dormitorios  en <br>Planta 2 y Planta 4<\/div>\t\t\t<div class=\"elementor-counter-number-wrapper\">\n\t\t\t\t<span class=\"elementor-counter-number-prefix\"><\/span>\n\t\t\t\t<span class=\"elementor-counter-number\" data-duration=\"2000\" data-to-value=\"2\" data-from-value=\"100\" data-delimiter=\",\">100<\/span>\n\t\t\t\t<span class=\"elementor-counter-number-suffix\"><\/span>\n\t\t\t<\/div>\n\t\t<\/div>\n\t\t\t\t\t\t<\/div>\n\t\t\t\t<\/div>\n\t\t\t\t<\/div>\n\t\t<div class=\"elementor-element elementor-element-f6e953b e-con-full e-flex e-con e-child\" data-id=\"f6e953b\" data-element_type=\"container\">\n\t\t\t\t<div class=\"elementor-element elementor-element-a053999 elementor-widget elementor-widget-image\" data-id=\"a053999\" data-element_type=\"widget\" data-widget_type=\"image.default\">\n\t\t\t\t<div class=\"elementor-widget-container\">\n\t\t\t\t\t\t\t\t\t\t\t\t\t\t\t<img loading=\"lazy\" decoding=\"async\" width=\"156\" height=\"156\" src=\"https:\/\/hernandezdetejada10b.com\/wp-content\/uploads\/2025\/01\/44.png\" class=\"attachment-full size-full wp-image-144\" alt=\"\" srcset=\"https:\/\/hernandezdetejada10b.com\/wp-content\/uploads\/2025\/01\/44.png 156w, https:\/\/hernandezdetejada10b.com\/wp-content\/uploads\/2025\/01\/44-150x150.png 150w\" sizes=\"(max-width: 156px) 100vw, 156px\" \/>\t\t\t\t\t\t\t\t\t\t\t\t\t\t\t<\/div>\n\t\t\t\t<\/div>\n\t\t\t\t<div class=\"elementor-element elementor-element-899e5b1 elementor-widget elementor-widget-counter\" data-id=\"899e5b1\" data-element_type=\"widget\" data-widget_type=\"counter.default\">\n\t\t\t\t<div class=\"elementor-widget-container\">\n\t\t\t\t\t\t\t<div class=\"elementor-counter\">\n\t\t\t<div class=\"elementor-counter-title\">\u00e1ticos con terraza <br> y acceso privativo<br>  a terraza com\u00fan<\/div>\t\t\t<div class=\"elementor-counter-number-wrapper\">\n\t\t\t\t<span class=\"elementor-counter-number-prefix\"><\/span>\n\t\t\t\t<span class=\"elementor-counter-number\" data-duration=\"2000\" data-to-value=\"2\" data-from-value=\"100\" data-delimiter=\",\">100<\/span>\n\t\t\t\t<span class=\"elementor-counter-number-suffix\"><\/span>\n\t\t\t<\/div>\n\t\t<\/div>\n\t\t\t\t\t\t<\/div>\n\t\t\t\t<\/div>\n\t\t\t\t<\/div>\n\t\t\t\t<\/div>\n\t\t\t\t<\/div>\n\t\t<div class=\"elementor-element elementor-element-1a6490d e-con-full e-flex e-con e-child\" data-id=\"1a6490d\" data-element_type=\"container\" data-settings=\"{&quot;background_background&quot;:&quot;classic&quot;}\">\n\t\t\t\t<\/div>\n\t\t\t\t<\/div>\n\t\t<div class=\"elementor-element elementor-element-2f4f24b e-flex e-con-boxed e-con e-parent\" data-id=\"2f4f24b\" data-element_type=\"container\" data-settings=\"{&quot;background_background&quot;:&quot;classic&quot;}\">\n\t\t\t\t\t<div class=\"e-con-inner\">\n\t\t<div class=\"elementor-element elementor-element-c870337 e-con-full e-flex e-con e-child\" data-id=\"c870337\" data-element_type=\"container\" data-settings=\"{&quot;background_background&quot;:&quot;classic&quot;}\">\n\t\t\t\t<div class=\"elementor-element elementor-element-c921754 elementor-widget__width-initial elementor-widget-mobile__width-initial elementor-widget elementor-widget-heading\" data-id=\"c921754\" data-element_type=\"widget\" data-widget_type=\"heading.default\">\n\t\t\t\t<div class=\"elementor-widget-container\">\n\t\t\t\t\t<h2 class=\"elementor-heading-title elementor-size-default\">Encuentra \nla vivienda \nque mejor \nse adapta a \ntu estilo de vida<\/h2>\t\t\t\t<\/div>\n\t\t\t\t<\/div>\n\t\t\t\t<div class=\"elementor-element elementor-element-0aad48a elementor-widget__width-initial elementor-widget-mobile__width-initial elementor-widget elementor-widget-text-editor\" data-id=\"0aad48a\" data-element_type=\"widget\" data-widget_type=\"text-editor.default\">\n\t\t\t\t<div class=\"elementor-widget-container\">\n\t\t\t\t\t\t\t\t\t<p>Las viviendas se presentan en diversas tipolog\u00edas adapt\u00e1ndose a las diferentes necesidades y preferencias de cada persona. Con opciones de 2 y 3 dormitorios, destacan por su dise\u00f1o funcional y contempor\u00e1neo, con amplias zonas de estar conectadas a cocinas abiertas y ba\u00f1os en suite que aportan comodidad y estilo.<\/p>\t\t\t\t\t\t\t\t<\/div>\n\t\t\t\t<\/div>\n\t\t\t\t<\/div>\n\t\t\t\t\t<\/div>\n\t\t\t\t<\/div>\n\t\t<div class=\"elementor-element elementor-element-480a36a e-con-full e-flex e-con e-parent\" data-id=\"480a36a\" data-element_type=\"container\" data-settings=\"{&quot;background_background&quot;:&quot;classic&quot;}\">\n\t\t<div class=\"elementor-element elementor-element-31e94104 e-con-full e-flex e-con e-child\" data-id=\"31e94104\" data-element_type=\"container\" data-settings=\"{&quot;background_background&quot;:&quot;classic&quot;}\">\n\t\t\t\t<\/div>\n\t\t<div class=\"elementor-element elementor-element-29d614cc e-con-full e-flex e-con e-child\" data-id=\"29d614cc\" data-element_type=\"container\" data-settings=\"{&quot;background_background&quot;:&quot;classic&quot;}\">\n\t\t\t\t<div class=\"elementor-element elementor-element-598aaa1 elementor-widget__width-initial elementor-widget elementor-widget-heading\" data-id=\"598aaa1\" data-element_type=\"widget\" data-widget_type=\"heading.default\">\n\t\t\t\t<div class=\"elementor-widget-container\">\n\t\t\t\t\t<h2 class=\"elementor-heading-title elementor-size-default\">Cocina abierta \na la zona de estar<\/h2>\t\t\t\t<\/div>\n\t\t\t\t<\/div>\n\t\t\t\t<div class=\"elementor-element elementor-element-6159ca2 elementor-widget elementor-widget-text-editor\" data-id=\"6159ca2\" data-element_type=\"widget\" data-widget_type=\"text-editor.default\">\n\t\t\t\t<div class=\"elementor-widget-container\">\n\t\t\t\t\t\t\t\t\t<p>Una meticulosa selecci\u00f3n de elementos y materiales de dise\u00f1o de \u00faltima tendencia, combinado con la perfecci\u00f3n de los acabados y el uso de los exclusivos materiales nobles como la piedra y la madera, aportan solidez, car\u00e1cter y calidez, creando un espacio \u00fanico que conecta visualmente con las zonas principales de la vivienda.<\/p>\t\t\t\t\t\t\t\t<\/div>\n\t\t\t\t<\/div>\n\t\t\t\t<\/div>\n\t\t\t\t<\/div>\n\t\t<div class=\"elementor-element elementor-element-e7298d9 e-con-full e-flex e-con e-parent\" data-id=\"e7298d9\" data-element_type=\"container\" data-settings=\"{&quot;background_background&quot;:&quot;classic&quot;}\">\n\t\t<div class=\"elementor-element elementor-element-631ccd21 e-con-full e-flex e-con e-child\" data-id=\"631ccd21\" data-element_type=\"container\" data-settings=\"{&quot;background_background&quot;:&quot;classic&quot;}\">\n\t\t\t\t<\/div>\n\t\t<div class=\"elementor-element elementor-element-3f9e478c e-con-full e-flex e-con e-child\" data-id=\"3f9e478c\" data-element_type=\"container\" data-settings=\"{&quot;background_background&quot;:&quot;classic&quot;}\">\n\t\t\t\t<div class=\"elementor-element elementor-element-a9ffee4 elementor-widget__width-initial elementor-widget elementor-widget-heading\" data-id=\"a9ffee4\" data-element_type=\"widget\" data-widget_type=\"heading.default\">\n\t\t\t\t<div class=\"elementor-widget-container\">\n\t\t\t\t\t<h2 class=\"elementor-heading-title elementor-size-default\">Zona \nde estar<\/h2>\t\t\t\t<\/div>\n\t\t\t\t<\/div>\n\t\t\t\t<div class=\"elementor-element elementor-element-432b5a3e elementor-widget elementor-widget-text-editor\" data-id=\"432b5a3e\" data-element_type=\"widget\" data-widget_type=\"text-editor.default\">\n\t\t\t\t<div class=\"elementor-widget-container\">\n\t\t\t\t\t\t\t\t\t<p>Las zonas de estar de Hern\u00e1ndez de Tejada 10 destacan por su dise\u00f1o di\u00e1fano, que conecta de manera fluida con la cocina y la terraza.<\/p><p>Cada detalle ha sido pensado para convertir esta estancia en el coraz\u00f3n del hogar.<\/p>\t\t\t\t\t\t\t\t<\/div>\n\t\t\t\t<\/div>\n\t\t\t\t<\/div>\n\t\t\t\t<\/div>\n\t\t<div class=\"elementor-element elementor-element-7c522095 e-flex e-con-boxed e-con e-parent\" data-id=\"7c522095\" data-element_type=\"container\" data-settings=\"{&quot;background_background&quot;:&quot;classic&quot;}\">\n\t\t\t\t\t<div class=\"e-con-inner\">\n\t\t\t\t\t<\/div>\n\t\t\t\t<\/div>\n\t\t<div class=\"elementor-element elementor-element-7f1b4ab3 e-flex e-con-boxed e-con e-parent\" data-id=\"7f1b4ab3\" data-element_type=\"container\" data-settings=\"{&quot;background_background&quot;:&quot;classic&quot;}\">\n\t\t\t\t\t<div class=\"e-con-inner\">\n\t\t<div class=\"elementor-element elementor-element-a6ff196 e-con-full e-flex e-con e-child\" data-id=\"a6ff196\" data-element_type=\"container\">\n\t\t\t\t<div class=\"elementor-element elementor-element-40dbb66e elementor-widget elementor-widget-image\" data-id=\"40dbb66e\" data-element_type=\"widget\" data-widget_type=\"image.default\">\n\t\t\t\t<div class=\"elementor-widget-container\">\n\t\t\t\t\t\t\t\t\t\t\t\t\t\t\t<img loading=\"lazy\" decoding=\"async\" width=\"1500\" height=\"1071\" src=\"https:\/\/hernandezdetejada10b.com\/wp-content\/uploads\/2025\/01\/BATH-1_URBAN-NATURAL_LIMIT-URBAN-NATURAL.jpg\" class=\"attachment-full size-full wp-image-76\" alt=\"\" srcset=\"https:\/\/hernandezdetejada10b.com\/wp-content\/uploads\/2025\/01\/BATH-1_URBAN-NATURAL_LIMIT-URBAN-NATURAL.jpg 1500w, https:\/\/hernandezdetejada10b.com\/wp-content\/uploads\/2025\/01\/BATH-1_URBAN-NATURAL_LIMIT-URBAN-NATURAL-300x214.jpg 300w, https:\/\/hernandezdetejada10b.com\/wp-content\/uploads\/2025\/01\/BATH-1_URBAN-NATURAL_LIMIT-URBAN-NATURAL-1024x731.jpg 1024w, https:\/\/hernandezdetejada10b.com\/wp-content\/uploads\/2025\/01\/BATH-1_URBAN-NATURAL_LIMIT-URBAN-NATURAL-768x548.jpg 768w\" sizes=\"(max-width: 1500px) 100vw, 1500px\" \/>\t\t\t\t\t\t\t\t\t\t\t\t\t\t\t<\/div>\n\t\t\t\t<\/div>\n\t\t\t\t<\/div>\n\t\t<div class=\"elementor-element elementor-element-618a4b61 e-con-full e-flex e-con e-child\" data-id=\"618a4b61\" data-element_type=\"container\">\n\t\t\t\t<div class=\"elementor-element elementor-element-bf3cea1 elementor-widget__width-initial elementor-widget elementor-widget-heading\" data-id=\"bf3cea1\" data-element_type=\"widget\" data-widget_type=\"heading.default\">\n\t\t\t\t<div class=\"elementor-widget-container\">\n\t\t\t\t\t<h2 class=\"elementor-heading-title elementor-size-default\">Ba\u00f1os exclusivos\n<\/h2>\t\t\t\t<\/div>\n\t\t\t\t<\/div>\n\t\t\t\t<div class=\"elementor-element elementor-element-414a873a elementor-widget elementor-widget-text-editor\" data-id=\"414a873a\" data-element_type=\"widget\" data-widget_type=\"text-editor.default\">\n\t\t\t\t<div class=\"elementor-widget-container\">\n\t\t\t\t\t\t\t\t\t<p>Los ba\u00f1os destacan por su dise\u00f1o moderno y acabados de alta calidad. Cada vivienda cuenta con dos ba\u00f1os: uno en suite, equipado con un amplio plato de ducha, y otro con ba\u00f1era, perfecto para momentos de relajaci\u00f3n.<\/p>\t\t\t\t\t\t\t\t<\/div>\n\t\t\t\t<\/div>\n\t\t\t\t<div class=\"elementor-element elementor-element-10ba1369 elementor-widget elementor-widget-image\" data-id=\"10ba1369\" data-element_type=\"widget\" data-widget_type=\"image.default\">\n\t\t\t\t<div class=\"elementor-widget-container\">\n\t\t\t\t\t\t\t\t\t\t\t\t\t\t\t<img loading=\"lazy\" decoding=\"async\" width=\"1500\" height=\"1071\" src=\"https:\/\/hernandezdetejada10b.com\/wp-content\/uploads\/2025\/01\/BATH-2_DOVER-ACERO.jpg\" class=\"attachment-full size-full wp-image-77\" alt=\"\" srcset=\"https:\/\/hernandezdetejada10b.com\/wp-content\/uploads\/2025\/01\/BATH-2_DOVER-ACERO.jpg 1500w, https:\/\/hernandezdetejada10b.com\/wp-content\/uploads\/2025\/01\/BATH-2_DOVER-ACERO-300x214.jpg 300w, https:\/\/hernandezdetejada10b.com\/wp-content\/uploads\/2025\/01\/BATH-2_DOVER-ACERO-1024x731.jpg 1024w, https:\/\/hernandezdetejada10b.com\/wp-content\/uploads\/2025\/01\/BATH-2_DOVER-ACERO-768x548.jpg 768w\" sizes=\"(max-width: 1500px) 100vw, 1500px\" \/>\t\t\t\t\t\t\t\t\t\t\t\t\t\t\t<\/div>\n\t\t\t\t<\/div>\n\t\t\t\t<\/div>\n\t\t\t\t\t<\/div>\n\t\t\t\t<\/div>\n\t\t<div class=\"elementor-element elementor-element-37fd33c8 e-flex e-con-boxed e-con e-parent\" data-id=\"37fd33c8\" data-element_type=\"container\" data-settings=\"{&quot;background_background&quot;:&quot;classic&quot;}\">\n\t\t\t\t\t<div class=\"e-con-inner\">\n\t\t<div class=\"elementor-element elementor-element-3cc586f7 e-flex e-con-boxed e-con e-child\" data-id=\"3cc586f7\" data-element_type=\"container\">\n\t\t\t\t\t<div class=\"e-con-inner\">\n\t\t\t\t<div class=\"elementor-element elementor-element-dffad3b elementor-widget__width-initial elementor-widget-mobile__width-initial elementor-widget elementor-widget-heading\" data-id=\"dffad3b\" data-element_type=\"widget\" data-widget_type=\"heading.default\">\n\t\t\t\t<div class=\"elementor-widget-container\">\n\t\t\t\t\t<h2 class=\"elementor-heading-title elementor-size-default\">Terraza<\/h2>\t\t\t\t<\/div>\n\t\t\t\t<\/div>\n\t\t\t\t<div class=\"elementor-element elementor-element-382ae24a elementor-widget__width-initial elementor-widget-mobile__width-initial elementor-widget elementor-widget-text-editor\" data-id=\"382ae24a\" data-element_type=\"widget\" data-widget_type=\"text-editor.default\">\n\t\t\t\t<div class=\"elementor-widget-container\">\n\t\t\t\t\t\t\t\t\t<p>Un espacio exterior perfecto para aquellos que buscan relajarse, socializar y disfrutar de unas vistas inmejorables a la ciudad de Madrid.<\/p>\t\t\t\t\t\t\t\t<\/div>\n\t\t\t\t<\/div>\n\t\t\t\t\t<\/div>\n\t\t\t\t<\/div>\n\t\t\t\t\t<\/div>\n\t\t\t\t<\/div>\n\t\t<div class=\"elementor-element elementor-element-0e09167 e-flex e-con-boxed e-con e-parent\" data-id=\"0e09167\" data-element_type=\"container\" data-settings=\"{&quot;background_background&quot;:&quot;classic&quot;}\">\n\t\t\t\t\t<div class=\"e-con-inner\">\n\t\t<div class=\"elementor-element elementor-element-0453611 e-con-full e-flex e-con e-child\" data-id=\"0453611\" data-element_type=\"container\" data-settings=\"{&quot;background_background&quot;:&quot;classic&quot;}\">\n\t\t\t\t<div class=\"elementor-element elementor-element-b267cb9 elementor-widget__width-initial elementor-widget-mobile__width-initial elementor-widget elementor-widget-heading\" data-id=\"b267cb9\" data-element_type=\"widget\" data-widget_type=\"heading.default\">\n\t\t\t\t<div class=\"elementor-widget-container\">\n\t\t\t\t\t<h2 class=\"elementor-heading-title elementor-size-default\">Zonas comunes, espacios \nque inspiran bienestar<\/h2>\t\t\t\t<\/div>\n\t\t\t\t<\/div>\n\t\t\t\t<div class=\"elementor-element elementor-element-4392d66 elementor-widget__width-initial elementor-widget-mobile__width-initial elementor-widget elementor-widget-text-editor\" data-id=\"4392d66\" data-element_type=\"widget\" data-widget_type=\"text-editor.default\">\n\t\t\t\t<div class=\"elementor-widget-container\">\n\t\t\t\t\t\t\t\t\t<p>Hern\u00e1ndez de Tejada 10 no solo destaca por el dise\u00f1o de sus viviendas, sino tambi\u00e9n por sus zonas comunes, creadas para enriquecer la calidad de vida de las personas y fomentar una comunidad activa.<\/p><p>En lo m\u00e1s alto de Hern\u00e1ndez de Tejada 10 se encuentra una impresionante terraza com\u00fan con l\u00e1mina de agua y sol\u00e1rium dise\u00f1ada para vivir momentos \u00fanicos de relajaci\u00f3n y bienestar.<\/p>\t\t\t\t\t\t\t\t<\/div>\n\t\t\t\t<\/div>\n\t\t\t\t<\/div>\n\t\t\t\t\t<\/div>\n\t\t\t\t<\/div>\n\t\t\t\t<\/div>\n\t\t","protected":false},"excerpt":{"rendered":"<p>Tipolog\u00edas de viviendas bajos con jard\u00edn de 2 dormitorios 100 viviendas de 2 dormitorios en Planta 1 y Planta 3 [&hellip;]<\/p>\n","protected":false},"author":1,"featured_media":0,"parent":0,"menu_order":0,"comment_status":"closed","ping_status":"closed","template":"","meta":{"inline_featured_image":false,"site-sidebar-layout":"no-sidebar","site-content-layout":"","ast-site-content-layout":"full-width-container","site-content-style":"default","site-sidebar-style":"default","ast-global-header-display":"","ast-banner-title-visibility":"","ast-main-header-display":"","ast-hfb-above-header-display":"","ast-hfb-below-header-display":"","ast-hfb-mobile-header-display":"","site-post-title":"disabled","ast-breadcrumbs-content":"","ast-featured-img":"disabled","footer-sml-layout":"","theme-transparent-header-meta":"","adv-header-id-meta":"","stick-header-meta":"","header-above-stick-meta":"","header-main-stick-meta":"","header-below-stick-meta":"","astra-migrate-meta-layouts":"default","ast-page-background-enabled":"default","ast-page-background-meta":{"desktop":{"background-color":"var(--ast-global-color-4)","background-image":"","background-repeat":"repeat","background-position":"center center","background-size":"auto","background-attachment":"scroll","background-type":"","background-media":"","overlay-type":"","overlay-color":"","overlay-opacity":"","overlay-gradient":""},"tablet":{"background-color":"","background-image":"","background-repeat":"repeat","background-position":"center center","background-size":"auto","background-attachment":"scroll","background-type":"","background-media":"","overlay-type":"","overlay-color":"","overlay-opacity":"","overlay-gradient":""},"mobile":{"background-color":"","background-image":"","background-repeat":"repeat","background-position":"center center","background-size":"auto","background-attachment":"scroll","background-type":"","background-media":"","overlay-type":"","overlay-color":"","overlay-opacity":"","overlay-gradient":""}},"ast-content-background-meta":{"desktop":{"background-color":"var(--ast-global-color-5)","background-image":"","background-repeat":"repeat","background-position":"center center","background-size":"auto","background-attachment":"scroll","background-type":"","background-media":"","overlay-type":"","overlay-color":"","overlay-opacity":"","overlay-gradient":""},"tablet":{"background-color":"var(--ast-global-color-5)","background-image":"","background-repeat":"repeat","background-position":"center center","background-size":"auto","background-attachment":"scroll","background-type":"","background-media":"","overlay-type":"","overlay-color":"","overlay-opacity":"","overlay-gradient":""},"mobile":{"background-color":"var(--ast-global-color-5)","background-image":"","background-repeat":"repeat","background-position":"center center","background-size":"auto","background-attachment":"scroll","background-type":"","background-media":"","overlay-type":"","overlay-color":"","overlay-opacity":"","overlay-gradient":""}},"footnotes":""},"class_list":["post-151","page","type-page","status-publish","hentry"],"_links":{"self":[{"href":"https:\/\/hernandezdetejada10b.com\/index.php\/wp-json\/wp\/v2\/pages\/151","targetHints":{"allow":["GET"]}}],"collection":[{"href":"https:\/\/hernandezdetejada10b.com\/index.php\/wp-json\/wp\/v2\/pages"}],"about":[{"href":"https:\/\/hernandezdetejada10b.com\/index.php\/wp-json\/wp\/v2\/types\/page"}],"author":[{"embeddable":true,"href":"https:\/\/hernandezdetejada10b.com\/index.php\/wp-json\/wp\/v2\/users\/1"}],"replies":[{"embeddable":true,"href":"https:\/\/hernandezdetejada10b.com\/index.php\/wp-json\/wp\/v2\/comments?post=151"}],"version-history":[{"count":46,"href":"https:\/\/hernandezdetejada10b.com\/index.php\/wp-json\/wp\/v2\/pages\/151\/revisions"}],"predecessor-version":[{"id":419,"href":"https:\/\/hernandezdetejada10b.com\/index.php\/wp-json\/wp\/v2\/pages\/151\/revisions\/419"}],"wp:attachment":[{"href":"https:\/\/hernandezdetejada10b.com\/index.php\/wp-json\/wp\/v2\/media?parent=151"}],"curies":[{"name":"wp","href":"https:\/\/api.w.org\/{rel}","templated":true}]}}